2b
What is a9 (base 13) in base 10?
139
-24 (base 15) to base 3
-1021
Convert -1 (base 14) to base 4.
-1
Convert 301 (base 4) to base 13.
3a
What is -13 (base 9) in base 16?
-c
10 (base 4) to base 8
4
Convert 1 (base 14) to base 6.
1
Convert 102 (base 3) to base 9.
12
-176 (base 9) to base 16
-96
What is 20010 (base 3) in base 12?
119
Convert -2 (base 16) to base 6.
-2
What is 4 (base 16) in base 7?
4
-3 (base 14) to base 10
-3
Convert -23 (base 11) to base 16.
-19
Convert -4 (base 15) to base 12.
-4
Convert -114 (base 7) to base 8.
-74
Convert 11 (base 5) to base 12.
6
-6 (base 9) to base 16
-6
What is -122 (base 6) in base 9?
-55
What is 1 (base 3) in base 5?
1
Convert 14 (base 7) to base 9.
12
-11 (base 10) to base 9
-12
-5 (base 8) to base 3
-12
4 (base 7) to base 9
4
What is 100100010 (base 2) in base 15?
145
-130 (base 8) to base 11
-80
7 (base 12) to base 4
13
Convert 34 (base 10) to base 11.
31
What is -15 (base 7) in base 13?
-c
-4c (base 14) to base 4
-1010
What is 141 (base 5) in base 9?
51
c (base 14) to base 11
11
What is c (base 15) in base 8?
14
-19 (base 12) to base 15
-16
What is 111 (base 5) in base 4?
133
What is 23 (base 7) in base 2?
10001
-2 (base 4) to base 10
-2
What is -37 (base 14) in base 13?
-3a
What is 0 (base 14) in base 4?
0
What is -101 (base 12) in base 16?
-91
2 (base 4) to base 6
2
What is -4 (base 5) in base 10?
-4
What is -4 (base 16) in base 11?
-4
-12 (base 8) to base 16
-a
What is 43 (base 9) in base 3?
1110
3 (base 5) to base 9
3
10 (base 9) to base 7
12
What is 1000 (base 2) in base 12?
8
Convert 200 (base 3) to base 13.
15
What is -2 (base 9) in base 7?
-2
What is 10 (base 3) in base 8?
3
15 (base 10) to base 5
30
Convert -10 (base 6) to base 13.
-6
Convert -14 (base 10) to base 15.
-e
What is 0 (base 15) in base 7?
0
5 (base 13) to base 14
5
-4 (base 6) to base 8
-4
-1a (base 13) to base 7
-32
-124 (base 10) to base 2
-1111100
-1a (base 15) to base 8
-31
37 (base 14) to base 6
121
What is -3 (base 4) in base 14?
-3
-13 (base 11) to base 16
-e
0 (base 6) to base 16
0
-4 (base 16) to base 9
-4
6 (base 12) to base 2
110
What is -4 (base 5) in base 7?
-4
Convert -30 (base 5) to base 2.
-1111
Convert -8 (base 13) to base 7.
-11
Convert 107 (base 10) to base 12.
8b
What is -10a (base 11) in base 14?
-95
-11121 (base 3) to base 11
-103
Convert 3 (base 8) to base 2.
11
What is 11121 (base 3) in base 14?
8c
Convert c (base 15) to base 13.
c
What is 1 (base 6) in base 11?
1
1 (base 9) to base 15
1
Convert -12 (base 10) to base 4.
-30
What is 11 (base 6) in base 9?
7
-14e (base 16) to base 8
-516
Convert -21 (base 13) to base 10.
-27
What is 131 (base 13) in base 9?
252
-2a (base 16) to base 15
-2c
Convert 11 (base 16) to base 7.
23
What is 1200 (base 3) in base 7?
63
35 (base 12) to base 10
41
-1ba (base 14) to base 2
-101101000
-2031 (base 4) to base 5
-1031
-4 (base 6) to base 2
-100
1121 (base 3) to base 2
101011
Convert 5 (base 9) to base 16.
5
7 (base 12) to base 16
7
11 (base 3) to base 10
4
What is -26 (base 7) in base 12?
-18
Convert 2 (base 8) to base 4.
2
Convert -c (base 15) to base 5.
-22
What is -110000 (base 2) in base 12?
-40
Convert 3 (base 8) to base 16.
3
What is 6 (base 11) in base 6?
10
What is -70 (base 8) in base 10?
-56
Convert -6 (base 13) to base 11.
-6
2120 (base 3) to base 13
54
Convert -4 (base 9) to base 2.
-100
14 (base 12) to base 7
22
Convert -2 (base 13) to base 16.
-2
Convert -7 (base 13) to base 6.
-11
Convert -4 (base 11) to base 6.
-4
17 (base 13) to base 8
24
What is -15 (base 12) in base 3?
-122
What is 10 (base 5) in base 8?
5
What is -16 (base 7) in base 2?
-1101
What is 113 (base 12) in base 3?
12220
Convert -5 (base 15) to base 3.
-12
-2 (base 7) to base 14
-2
Convert -60 (base 10) to base 12.
-50
Convert 15 (base 7) to base 2.
1100
-10 (base 8) to base 16
-8
What is -11 (base 6) in base 2?
-111
What is a (base 12) in base 7?
13
21 (base 3) to base 9
7
What is -183 (base 9) in base 8?
-234
-110 (base 2) to base 10
-6
What is -3 (base 8) in base 9?
-3
-7 (base 11) to base 3
-21
What is -2 (base 14) in base 8?
-2
1 (base 16) to base 4
1
-3 (base 7) to base 15
-3
Convert -a9 (base 12) to base 13.
-9c
What is b (base 12) in base 13?
b
What is 1 (base 3) in base 9?
1
What is 40 (base 6) in base 5?
44
4 (base 14) to base 6
4
Convert -7 (base 10) to base 13.
-7
12 (base 5) to base 2
111
Convert -1031 (base 5) to base 7.
-261
Convert 11011000 (base 2) to base 13.
138
18 (base 9) to base 12
15
What is -8 (base 10) in base 13?
-8
Convert 37 (base 8) to base 9.
34
0 (base 7) to base 6
0
What is 22110 (base 3) in base 16?
e4
What is -e (base 16) in base 12?
-12
1 (base 11) to base 6
1
Convert -4 (base 11) to base 9.
-4
What is 111 (base 11) in base 9?
157
12 (base 15) to base 13
14
11 (base 9) to base 3
101
Convert 112 (base 7) to base 14.
42
What is 3 (base 8) in base 5?
3
-13 (base 7) to base 15
-a
Convert -5 (base 6) to base 11.
-5
What is -105 (base 6) in base 7?
-56
-52 (base 14) to base 4
-1020
Convert 3 (base 13) to base 5.
3
What is 8 (base 10) in base 5?
13
-23 (base 7) to base 12
-15
Convert -100 (base 2) to base 8.
-4
-11 (base 3) to base 14
-4
Convert 3 (base 15) to base 3.
10
-25a (base 11) to base 5
-2212
Convert -14 (base 14) to base 3.
-200
5 (base 10) to base 12
5
What is 3 (base 6) in base 7?
3
What is -5 (base 11) in base 2?
-101
What is -31 (base 5) in base 14?
-12
0 (base 7) to base 6
0
36 (base 13) to base 2
101101
23 (base 9) to base 2
10101
What is 31 (base 15) in base 10?
46
What is 300 (base 4) in base 15?
33
What is 223 (base 9) in base 16?
b7
0 (base 10) to base 16
0
What is 2 (base 14) in base 9?
2
Convert 2a5 (base 11) to base 3.
111020
Convert 64 (base 12) to base 8.
114
-4 (base 12) to base 5
-4
-37 (base 10) to base 4
-211
Convert 10 (base 5) to base 13.
5
Convert 0 (base 10) to base 16.
0
What is 2 (base 14) in base 5?
2
-3a (base 16) to base 9
-64
Convert -be (base 15) to base 11.
-153
What is 32 (base 4) in base 10?
14
What is 4 (base 16) in base 4?
10
-30 (base 11) to base 6
-53
5 (base 6) to base 4
11
What is -4 (base 15) in base 11?
-4
Convert -5 (base 12) to base 3.
-12
-9 (base 12) to base 2
-1001
What is 1 (base 6) in base 9?
1
What is -2 (base 12) in base 9?
-2
Convert 2 (base 16) to base 15.
2
What is 12 (base 16) in base 14?
14
What is -c (base 13) in base 6?
-20
10100 (base 2) to base 9
22
17 (base 11) to base 12
16
Convert 1 (base 13) to base 15.
1
-2 (base 14) to base 6
-2
Convert -13 (base 15) to base 7.
-24
What is 12 (base 7) in base 10?
9
Convert 2 (base 7) to base 6.
2
Convert -1 (base 7) to base 13.
-1
What is -155 (base 9) in base 6?
-335
What is 14 (base 6) in base 14?
a
What is -1100 (base 3) in base 14?
-28
What is -141 (base 13) in base 11?
-192
Convert -100000 (base 2) to base 9.
-35
What is -7 (base 14) in base 11?
-7
Convert -5 (base 12) to base 7.
-5
1 (base 11) to base 15
1
Convert -3 (base 14) to base 10.
-3
What is -5 (base 11) in base 13?
-5
60 (base 7) to base 3
1120
Convert -1 (base 4) to base 2.
-1
What is 22002 (base 3) in base 4?
3122
10 (base 13) to base 10
13
-29 (base 16) to base 13
-32
2202 (base 5) to base 6
1222
3 (base 6) to base 2
11
Convert 8 (base 14) to base 3.
22
Convert 22 (base 4) to base 15.
a
-11 (base 8) to base 16
-9
Convert 10000 (base 2) to base 6.
24
Convert -16 (base 8) to base 11.
-13
What is 1110000 (base 2) in base 10?
112
What is -3 (base 6) in base 5?
-3
Convert -42 (base 10) to base 7.
-60
Convert 65 (base 10) to base 12.
55
-2020 (base 3) to base 8
-74
What is 0 (base 7) in base 2?
0
-1 (base 10) to base 5
-1
What is 7 (base 15) in base 6?
11
What is 3 (base 12) in base 5?
3
Convert -90 (base 14) to base 13.
-99
What is 13 (base 6) in base 2?
1001
What is 1 (base 16) in base 14?
1
Convert 10 (base 4) to base 5.
4
Convert -18 (base 12) to base 10.
-20
-3 (base 4) to base 11
-3
Convert -43 (base 12) to base 14.
-39
Convert 2 (base 11) to base 7.
2
11 (base 5) to base 15
6
-22 (base 14) to base 12
-26
What is 197 (base 10) in base 16?
c5
Convert -19 (base 15) to base 9.
-26
-5 (base 14) to base 9
-5
4 (base 8) to base 4
10
Convert 11 (base 4) to base 11.
5
23 (base 16) to base 6
55
-11 (base 5) to base 14
-6
What is -16 (base 9) in base 10?
-15
314 (base 10) to base 3
102122
Wha